is 8 + 4 + (1 - 4 - -2)?
11
Calculate -9 - (-15 - -8 - (0 - 3)).
-5
Calculate (-4 - -4) + -3 + (7 - 2).
2
What is -13 + 12 + (2 - 1) + -2?
-2
Calculate 8 + -1 + (4 - 6).
5
Evaluate -1 - ((1 - 5) + 5 + -2).
0
What is the value of -2 - ((3 - (-1 + 4)) + 0)?
-2
What is -1 - -2 - 7 - (-9 + 7)?
-4
Calculate -4 + (1 + 0 - 1).
-4
Calculate (6 + -5 - -1) + 1.
3
-1 + 5 + (-2 - 0) + -1
1
Calculate -5 + 7 - 8 - -11.
5
What is -1 + -4 - (-10 - -9) - -2?
-2
(-7 - 1) + 11 + (0 - 5)
-2
Calculate -4 + (8 - 6) + (2 - -2).
2
What is 4 + -8 + 3 - (-3 - 2)?
4
Evaluate -6 + 0 - (4 - 11 - -7).
-6
What is (-1 + 2 - -1) + -6?
-4
Evaluate 44 + -52 - (-2 - (-2 - -4)).
-4
Calculate -87 + 87 + 1 + 0 + 3.
4
Evaluate 3 + -7 - -3 - 1.
-2
Calculate 0 + (1 + -9 - -4) + 9.
5
What is the value of (9 - 7) + -9 + (8 - 3)?
-2
What is 3 - -8 - -8 - 13?
6
Evaluate (7 - 0) + -4 + -17 + 7.
-7
(18 - (-5 - -14)) + (0 - 1)
8
What is the value of -1 - (5 + -4) - 1?
-3
What is -3 + 8 + (-11 - -4)?
-2
What is -2 - -2 - (5 + -11)?
6
Evaluate (-4 - 1) + 5 + 0 - -1.
1
-1 + (1 + -12 - -6)
-6
What is 2 - (-10 - -2 - -4)?
6
-49 + 50 + 1 + -3 + -1
-2
What is the value of 6 + (2 - 2) - 3?
3
Calculate -9 + (2 - 2) + 10.
1
2 - (8 - (4 + -6) - 6)
-2
What is -13 + 12 - (3 + -2 - 7)?
5
-13 - (-5 - (3 + (-4 - -1)))
-8
What is 4 - ((-3 - -1) + (0 - -1))?
5
What is the value of -36 + 31 - ((2 - 17) + 2)?
8
What is the value of -6 + -3 + (1 - -3)?
-5
What is the value of 2 + -10 - (-10 + 4)?
-2
What is the value of (8 - (-9 + 8)) + -10?
-1
Evaluate -5 + 1 + 1 + 2 + 7.
6
Calculate 4 + -2 + 3 - 0.
5
Calculate 4 + -3 + 1 - 0.
2
What is the value of 5 - (1 - (-11 + 5))?
-2
Evaluate 1 - (-3 + (-2 - -3)) - 2.
1
Evaluate 4 + (2 - 4) + (1 - 1).
2
Evaluate 2 - (1 + (4 - 9)).
6
Calculate -1 + 10 + -3 - 11.
-5
-1 - 1 - (-3 - (-1 - 2))
-2
What is the value of 3 - 11 - 3 - -4?
-7
Evaluate (4 - (-3 + 1)) + 15 + -16.
5
What is -1 - 1 - (-16 + 9)?
5
What is -1 + -7 + (1 - -12 - 8)?
-3
What is the value of 2 - (-3 + 1 + -1) - 1?
4
Calculate -13 - (-12 + -5 + 8).
-4
Evaluate 0 - -11 - (9 - -2).
0
Evaluate 2 + -1 + 1 + 5 + -8.
-1
Evaluate 4 + (4 - (15 - 8)).
1
What is (4 - (11 + -3 + 0)) + -1?
-5
What is the value of 2 - 0 - (18 - 8)?
-8
What is -1 - (0 + -4 + -2 + 2)?
3
Calculate 1 - (1 + (-1 - -1) + -3).
3
What is 3 - (8 - (-1 - (-2 + 1)))?
-5
Evaluate 1 + 3 + (-8 - -8).
4
What is the value of 0 + (-6 - (-7 + 4 - -3))?
-6
What is -1 - (-1 - (-2 + -2 - -2))?
-2
What is -2 + (-9 - -3) - -7?
-1
Evaluate 2 + 1 - (2 + -6 + 2).
5
Evaluate 20 + (-26 - (-7 - 8)).
9
What is the value of -3 - (-10 + 7 + -2 + 1)?
1
5 + 4 + 1 + -6
4
What is 1 + -1 - (11 + -6)?
-5
Evaluate (-1 + 8 - 5 - 0) + -7.
-5
What is the value of 2 - (4 - -1 - (2 + -1))?
-2
What is (0 - (4 - 8 - -1)) + -9?
-6
Evaluate -10 + 19 + (-6 - 1) + 1.
3
Calculate -3 - (0 + -2 + 2).
-3
What is the value of 0 + (1 - 2) + -1 - -4?
2
What is the value of 2 + -12 + -71 + 78?
-3
Calculate (-7 - -2) + 3 + 5 - 8.
-5
What is the value of 0 + 2 + (1 - 4)?
-1
What is 6 + 0 + 0 - (11 + 3)?
-8
What is 2 + -4 + -7 + 4 + 4?
-1
What is -2 - (2 + -7 + 4 + 0)?
-1
What is 0 + 0 + 7 - (-1074 + 1077)?
4
Evaluate -2 + (5 - (9 - 4)) - -2.
0
Evaluate 15 - -5 - (6 + 7).
7
Calculate 10 + (2 - 5) - (11 + -4).
0
32 - 33 - (-1 - (-1 - 1))
-2
0 - 11 - (-19 + 13)
-5
Calculate 0 - ((-4 - 1) + 16).
-11
What is (1 - (4 + -4)) + -13 + 8?
-4
What is 3 + 1 + -5 + 5?
4
3 - (10 - (9 + -1))
1
-5 + (4 + -5 + 4 - 3)
-5
(10 - 9) + 0 + -2
-1
Evaluate 11 + (-5 - (14 - 7)).
-1
What is 16 + -10 + 1 + (0 - 2)?
5
-14 - (-5 - (9 - -10))
10
What is the value of -8 + 7 - (-3 + 3 + 3)?
-4
What is the value of (2 + -6 - -10) + 5?
11
(-2 - (-4 - -8)) + 4
-2
-3 - (5 - 3) - -4
-1
Evaluate -6 + (10 + (7 - 6) - 4).
1
What is (3 - (0 - -3 - 4)) + 0?
4
What is 1 - 12 - (56 + -60)?
-7
(-1 - 5) + (-10 - -17)
1
Calculate -1 + 6 + -3 + -1 + -5.
-4
4 - ((-4 - (-3 + 7)) + 4)
8
Calculate -14 - -18 - (-1 - -10).
-5
Calculate -2 + (1 + -7 - -6) - -4.
2
Calculate 0 + -8 + -1 - -7.
-2
What is the value of -6 + 25 + -5 + (-8 - -1)?
7
What is the value of -1 + 6 + (1 - 5)?
1
What is the value of 2 + -3 - (-35 - -32)?
2
Calculate (-4 - -2) + -6 + 3.
-5
(-24 - -26) + (-12 - -2)
-8
What is -28 + 28 + -2 + -1?
-3
-3 + 5 + -2 - (0 - -4)
-4
3 + -6 + 1 - (1 + -1)
-2
(2 - 15 - -8) + -1 + 0
-6
What is -2 + 0 + 1 + 3 + 5?
7
(0 + 1 - (14 + -13)) + -5
-5
-10 - 0 - (47 - 59)
2
Calculate 5 - (-2 + 5 + 1).
1
Calculate (-2 - -3) + -1 + 4 + -1.
3
(44 - 37) + (-2 - (-1 + 1))
5
Evaluate (1 - 5 - -1) + 6 + -6.
-3
What is the value of 1 + (-1 - (3 + -5))?
2
What is the value of (-7 - -1) + (0 - -4)?
-2
What is the value of (2 - (6 - -1)) + 8?
3
What is the value of 15 + -5 + -7 + 1?
4
(-1 - -2) + -3 + (-9 - -12)
1
Evaluate 8 + 1 + -5 - (0 + 6).
-2
Calculate (15 - -2) + -4 - (20 - 15).
8
Evaluate 4 - 4 - 4 - -8.
4
What is 8 - (-4 + 9 - 2)?
5
-1 - (-6 + 7 + -4)
2
Calculate -13 - (-5 - -4) - (-18 + 14).
-8
What is (-2 - (15 + -16)) + -1 + 2?
0
Evaluate 6 + -23 - (1 + -13).
-5
What is -4 - (-1 + 1 + 1)?
-5
What is the value of (-4 - (5 - 4)) + -12 + 24?
7
What is the value of (1 - 1) + 1 + 5 + -10?
-4
What is -4 - -5 - (5 - 1)?
-3
What is the value of 5 - 4 - (0 + 1 + -4)?
4
Evaluate 44 + -40 - (0 - 0).
4
What is (4 - 2) + 8 + -7 - -2?
5
Calculate (4 - (-4 + -2 + -4)) + -6.
8
Calculate (-2 - 3 - -5) + -2 + -3.
-5
Calculate 3 + (-9 - -2) + (8 - -1).
5
What is 12 + 0 + -8 + 0?
4
Evaluate (-3 - (3 - 10 - -1)) + -4.
-1
Evaluate 3 - ((-3 - -6) + 0).
0
What is (-4 - -3 - (-2 + 2)) + -2?
-3
Calculate -5 - (4 + -8 - 4).
3
What is the value of -3 + 8 + -11 + 3 + -6?
-9
2 + -4 - 1 - -3 - -2
2
Evaluate -5 + 7 + (2 + 4 - 12).
-4
Calculate 9 + (4 - 7 - 4).
2
What is the value of 6 + -2 + 0 - (-22 - -25)?
1
Evaluate -2 + 4 + 14 + -13.
3
5 - (-1 + -1 + 12)
-5
4 - (6 + -13 - -6)
5
Calculate (-10 - -10) + (-14 - -2) + 5.
-7
What is 1 + 1 + 6 + -6 + 0?
2
What is (1 - (-3 - -3)) + (7 - 9)?
-1
What is (-2 - 4 - 2 - -5) + -1?
-4
What is the value of -5 + (-2 - (-1 + 5 + -10))?
-1
What is the value of 4 + (-4 - -2) - (61 + -59)?
0
What is (8 - 5 - -1) + (-6 - 2)?
-4
-16 + 11 + 9 + 6
10
What is the value of -10 - (2 + -9) - 3 - 2?
-8
What is the value of (5 - 6) + -5 + 7 - -2?
3
What is 6 + -2 + (6 - 15)?
-5
What is 2 + (-3 - 0) + 2?
1
0 + -5 + (1 - (0 + -2))
-2
0 + 4 + (-79 - -71) + 8
4
Evaluate (4 - 1 - 7) + 1 + 0.
-3
Calculate 1 + -5 + (-11 - -12).
-3
Calculate -8 - (-2 + -3) - (-7 + 1).
3
Evaluate 21 - 31 - (-3 + 0).
-7
-2 + (3 - 2 - (6 + -3))
-4
What is the value of (6 - 5) + 3 + -2?
2
Evaluate -10 + (-6 - -12) + 8.
4
What is the value of (-1 - (3 - (6 + 3))) + -2?
3
What is the value of (-12 + 27 - 17) + -1 + 0?
-3
Evaluate 5 - (-12 - (-13 - 1)).
3
1 + 3 + (4 - 5)
3
Calculate 4 + (-2 + -4 - (1 - 4)).
1
Calculate -2 + 0 - (-2 - 7 - -8).
-1
Calculate 11 + (-11 - -2) + (1 - -2).
5
What is the value of 2 - (-2 + (3 - -1)) - -3?
3
-1 + 14 + -5 - 17 - -15
6
What is the value of (-5 - -9) + (-4 - (-10 - -5))?
5
What is 0 - (4 + -3 + -1)?
0
What is the value of 0 + 5 + -1 + 0?
4
Calculate 26 + -32 - (0 - 6).
0
What is the value of 4 + (-10 - (-5 + 3))?
-4
What is -9 + 1 - (18 - 26)?
0
What is 0 + 3 + 0 - (-5 - -11)?
-3
What is the value of (12 - 3) + (27 - 33)?
3
4 + (2 - 0) + -1
5
What is -4 + 0 - ((5 - 3) + -7)?
1
What is -9 + 10 + 3 + -5?
-1
What is 0 - -2 - (-7 - (12 - 17))?
4
-4 + 24 - 15 - -2
7
Evaluate 9 - (12 + 3 + -9).
3
1 + -5 + 7 + 2
5
Calculate -2 + (2 - (-4 + 3)).
1
What is the value of -5 - (1 + (-6 - -5) - 7)?
2
1 - (8 + (1 - 8))
0
What is the value of -4 - (2 - (-3 - (-9 - -2)))?
-2
What is -15 + 17 + (-3 - -1)?
0
Calculate (8 + 2 - 5) + -4.
1
-4 + (9 - (-3 + 7))
1
Evaluate 2 + -6 + 2 + 4.
2
What is -28 + 17 - ((0 - 3) + -2)?
-6
What is 2 + (-5 - -5) + -4?
-2
Calculate -4 - (4 + -6 + 4).
-6
0 + 0 - ((9 - 6) + 0)
-3
Calculate -9 - -12 - ((-1 - -2) + 4).
-2
Evaluate 6 + -8 + (3 - -9).
10
Calculate (-2 - 1) + (2 - -6).
5
Evaluate 0 + -13 - (-42 - -33).
-4
Calculate 6 + -6 + 4 + (-4 - -1).
1
What is (1 + -2 + 3 - 3) + 5?
4
Evaluate 1 + (1 - 0) - (-78 - -74).
6
Evaluate -3 - -1 - (-4 - (6 - 8)).
0
Evaluate (3 - 2) + (-11 + 6 - -8).
4
What is the value of 5 + 5 + -7 - (-1 - 0)?
4
What is the value of 3 + (0 - 0) - 1 - 2?
0
Calculate 6 - 1 - -2 - 3 - 4.
0
What is the value of -11 